f 191448455.
5, 11, 53, 65677
What are the prime factors of 463686140?
2, 5, 83, 279329
List the prime factors of 339972066.
2, 3, 7, 33311
What are the prime factors of 60389386?
2, 587, 51439
What are the prime factors of 716797240?
2, 5, 17919931
What are the prime factors of 3836064052?
2, 19, 50474527
List the prime factors of 40182230.
2, 5, 11, 365293
List the prime factors of 21728213.
13, 37, 199, 227
What are the prime factors of 347116893?
3, 115705631
What are the prime factors of 4249555410?
2, 3, 5, 43, 241, 13669
What are the prime factors of 1978626141?
3, 17, 587, 22031
List the prime factors of 47864467.
7, 89, 76829
What are the prime factors of 70646310?
2, 3, 5, 7, 37379
What are the prime factors of 13541642?
2, 19, 433, 823
What are the prime factors of 508998017?
11, 46272547
What are the prime factors of 2274110008?
2, 53, 1231, 4357
List the prime factors of 3581851455.
3, 5, 7, 13, 291563
List the prime factors of 238081605.
3, 5, 15872107
List the prime factors of 2499192167.
23, 83, 1309163
List the prime factors of 354508989.
3, 118169663
List the prime factors of 128560944.
2, 3, 29, 92357
List the prime factors of 277829.
277829
List the prime factors of 26325952.
2, 439, 937
List the prime factors of 134965815.
3, 5, 8997721
What are the prime factors of 2952460979?
13, 409, 555287
What are the prime factors of 182967604?
2, 45741901
What are the prime factors of 107615717?
11, 9783247
What are the prime factors of 255202875?
3, 5, 37, 6131
List the prime factors of 292295873.
317, 922069
What are the prime factors of 1856388894?
2, 3, 2393, 129293
What are the prime factors of 175829960?
2, 5, 97, 45317
What are the prime factors of 42541436?
2, 7, 41, 37057
What are the prime factors of 507888578?
2, 253944289
List the prime factors of 1212628741.
3739, 324319
What are the prime factors of 15858235?
5, 281, 11287
List the prime factors of 463501883.
13, 35653991
What are the prime factors of 112674602?
2, 337, 167173
List the prime factors of 709980754.
2, 7, 50712911
List the prime factors of 12840705.
3, 5, 71, 4019
List the prime factors of 1082191282.
2, 113, 4788457
List the prime factors of 6026411275.
5, 15511, 15541
List the prime factors of 109299918.
2, 3, 7, 13, 200183
List the prime factors of 1160592684.
2, 3, 96716057
What are the prime factors of 172677657?
3, 31, 53, 661
What are the prime factors of 3641879?
1709, 2131
List the prime factors of 974363065.
5, 13, 61, 245741
List the prime factors of 582309003.
3, 194103001
List the prime factors of 370946136.
2, 3, 11, 1405099
List the prime factors of 2142163.
2142163
What are the prime factors of 2244946661?
199, 11281139
What are the prime factors of 629009068?
2, 157252267
List the prime factors of 6799740032.
2, 53122969
What are the prime factors of 74430898?
2, 23, 167, 9689
What are the prime factors of 149155071?
3, 13, 379, 10091
What are the prime factors of 887503632?
2, 3, 17, 47, 73, 317
List the prime factors of 2250061743.
3, 193, 3886117
What are the prime factors of 170476617?
3, 56825539
What are the prime factors of 7868462?
2, 7, 277, 2029
List the prime factors of 5273101.
67, 211, 373
List the prime factors of 37141545.
3, 5, 7, 277, 1277
List the prime factors of 104183161.
47, 103, 21521
What are the prime factors of 1116106953?
3, 13, 59, 485053
What are the prime factors of 27550453?
7, 3935779
What are the prime factors of 496491566?
2, 61, 4069603
List the prime factors of 151539199.
7, 59, 366923
List the prime factors of 765201993.
3, 13997, 18223
What are the prime factors of 422244152?
2, 11, 4798229
What are the prime factors of 62374045?
5, 23, 37, 107, 137
List the prime factors of 2607659812.
2, 651914953
What are the prime factors of 93347448?
2, 3, 31, 37, 3391
What are the prime factors of 102729113?
17, 827, 7307
List the prime factors of 1888473.
3, 629491
List the prime factors of 126705542.
2, 6661, 9511
List the prime factors of 46168124.
2, 17, 678943
List the prime factors of 445646451.
3, 29, 151, 33923
What are the prime factors of 298791872?
2, 19, 29, 37, 229
List the prime factors of 1674620840.
2, 5, 41865521
List the prime factors of 3235883191.
29, 73, 197, 7759
What are the prime factors of 36749070?
2, 3, 5, 17, 24019
What are the prime factors of 62820035?
5, 12564007
What are the prime factors of 113129849?
7, 17, 950671
What are the prime factors of 211100892?
2, 3, 71, 247771
List the prime factors of 2139969089.
43, 97, 513059
List the prime factors of 40150204.
2, 10037551
List the prime factors of 576980920.
2, 5, 443, 32561
List the prime factors of 2416327601.
22963, 105227
List the prime factors of 25831359.
3, 239, 4003
What are the prime factors of 6980231933?
6980231933
List the prime factors of 3159954021.
3, 7, 150474001
What are the prime factors of 55038448?
2, 23, 149561
What are the prime factors of 80787075?
3, 5, 1077161
What are the prime factors of 777455782?
2, 101, 3848791
List the prime factors of 98775844.
2, 24693961
List the prime factors of 220954507.
220954507
List the prime factors of 4546013.
773, 5881
List the prime factors of 43282935.
3, 5, 17, 29, 1951
What are the prime factors of 77080361?
37, 233, 8941
What are the prime factors of 15684258?
2, 3, 2614043
List the prime factors of 51259570.
2, 5, 743, 6899
What are the prime factors of 26667891?
3, 547, 5417
List the prime factors of 214110449.
7, 19, 229979
What are the prime factors of 239650487?
239650487
What are the prime factors of 1134115283?
7, 277, 584897
What are the prime factors of 20910394?
2, 47, 4733
List the prime factors of 353408059.
8609, 41051
What are the prime factors of 231664601?
7, 675407
What are the prime factors of 160098650?
2, 5, 3201973
What are the prime factors of 328315871?
13, 25255067
What are the prime factors of 1591743887?
31, 199, 258023
What are the prime factors of 90403278?
2, 3, 7, 41, 47, 1117
What are the prime factors of 630139937?
7, 90019991
List the prime factors of 234968061.
3, 78322687
List the prime factors of 1029411529.
23, 43, 1040861
What are the prime factors of 140717800?
2, 5, 19, 1949
What are the prime factors of 4424147398?
2, 11, 223, 557, 1619
What are the prime factors of 4106807366?
2, 23, 89278421
List the prime factors of 2016411194.
2, 7, 144029371
List the prime factors of 47949369.
3, 13, 19, 64709
What are the prime factors of 23533348?
2, 67, 87811
What are the prime factors of 31131019?
859, 36241
What are the prime factors of 2435021434?
2, 73, 16678229
What are the prime factors of 61484295?
3, 5, 4098953
List the prime factors of 232336191.
3, 89, 870173
List the prime factors of 404394385.
5, 17, 19, 241, 1039
What are the prime factors of 38603007?
3, 1429741
List the prime factors of 7065507.
3, 2355169
What are the prime factors of 466041027?
3, 155347009
What are the prime factors of 10515304?
2, 487, 2699
List the prime factors of 107916892.
2, 26979223
What are the prime factors of 2697016528?
2, 168563533
List the prime factors of 13750906.
2, 13, 528881
What are the prime factors of 901890700?
2, 5, 9018907
What are the prime factors of 151511721?
3, 50503907
What are the prime factors of 266350103?
853, 312251
List the prime factors of 138294108.
2, 3, 431, 2971
What are the prime factors of 318301582?
2, 109, 1460099
List the prime factors of 49384649.
49384649
List the prime factors of 280666913.
241, 1164593
List the prime factors of 53589349.
11, 131, 37189
What are the prime factors of 78909596?
2, 23, 857713
What are the prime factors of 63234144?
2, 3, 89, 2467
What are the prime factors of 401978129?
7, 53, 173, 6263
List the prime factors of 9030974678.
2, 11, 131, 1483, 2113
What are the prime factors of 19570544?
2, 7, 174737
List the prime factors of 224877433.
11, 20443403
List the prime factors of 3333995903.
7, 617, 771937
What are the prime factors of 83147878?
2, 11, 571, 6619
List the prime factors of 77476258.
2, 2237, 17317
List the prime factors of 92664175.
5, 1013, 3659
List the prime factors of 5251066056.
2, 3, 8103497
List the prime factors of 116970584.
2, 653, 22391
List the prime factors of 293908970.
2, 5, 29390897
What are the prime factors of 730626?
2, 3, 13, 17, 19, 29
Wha